{"id":1277,"date":"2021-08-30T12:15:39","date_gmt":"2021-08-30T10:15:39","guid":{"rendered":"http:\/\/lesbonsplantsdelise.com\/?page_id=1277"},"modified":"2021-08-30T14:18:53","modified_gmt":"2021-08-30T12:18:53","slug":"le-projet","status":"publish","type":"page","link":"https:\/\/lesbonsplantsdelise.com\/index.php\/le-projet\/","title":{"rendered":"LE PROJET"},"content":{"rendered":"\n<figure class=\"wp-block-gallery columns-2 is-cropped wp-block-gallery-1 is-layout-flex wp-block-gallery-is-layout-flex\"><ul class=\"blocks-gallery-grid\"><li class=\"blocks-gallery-item\"><figure><img loading=\"lazy\" decoding=\"async\" width=\"1024\" height=\"768\" src=\"http:\/\/lesbonsplantsdelise.com\/wp-content\/uploads\/2021\/08\/IMG_20210414_172032-1024x768.jpg\" alt=\"\" data-id=\"1323\" data-full-url=\"http:\/\/lesbonsplantsdelise.com\/wp-content\/uploads\/2021\/08\/IMG_20210414_172032-scaled.jpg\" data-link=\"http:\/\/lesbonsplantsdelise.com\/index.php\/le-projet\/img_20210414_172032\/\" class=\"wp-image-1323\" srcset=\"https:\/\/lesbonsplantsdelise.com\/wp-content\/uploads\/2021\/08\/IMG_20210414_172032-1024x768.jpg 1024w, https:\/\/lesbonsplantsdelise.com\/wp-content\/uploads\/2021\/08\/IMG_20210414_172032-scaled-504x378.jpg 504w, https:\/\/lesbonsplantsdelise.com\/wp-content\/uploads\/2021\/08\/IMG_20210414_172032-300x225.jpg 300w, https:\/\/lesbonsplantsdelise.com\/wp-content\/uploads\/2021\/08\/IMG_20210414_172032-768x576.jpg 768w, https:\/\/lesbonsplantsdelise.com\/wp-content\/uploads\/2021\/08\/IMG_20210414_172032-1536x1152.jpg 1536w, https:\/\/lesbonsplantsdelise.com\/wp-content\/uploads\/2021\/08\/IMG_20210414_172032-2048x1536.jpg 2048w\" sizes=\"auto, (max-width: 1024px) 100vw, 1024px\" \/><\/figure><\/li><li class=\"blocks-gallery-item\"><figure><img loading=\"lazy\" decoding=\"async\" width=\"768\" height=\"1024\" src=\"http:\/\/lesbonsplantsdelise.com\/wp-content\/uploads\/2021\/08\/IMG_20210414_172043_1-768x1024.jpg\" alt=\"\" data-id=\"1324\" data-full-url=\"http:\/\/lesbonsplantsdelise.com\/wp-content\/uploads\/2021\/08\/IMG_20210414_172043_1-scaled.jpg\" data-link=\"http:\/\/lesbonsplantsdelise.com\/index.php\/le-projet\/img_20210414_172043_1\/\" class=\"wp-image-1324\" srcset=\"https:\/\/lesbonsplantsdelise.com\/wp-content\/uploads\/2021\/08\/IMG_20210414_172043_1-768x1024.jpg 768w, https:\/\/lesbonsplantsdelise.com\/wp-content\/uploads\/2021\/08\/IMG_20210414_172043_1-scaled-504x672.jpg 504w, https:\/\/lesbonsplantsdelise.com\/wp-content\/uploads\/2021\/08\/IMG_20210414_172043_1-225x300.jpg 225w, https:\/\/lesbonsplantsdelise.com\/wp-content\/uploads\/2021\/08\/IMG_20210414_172043_1-1152x1536.jpg 1152w, https:\/\/lesbonsplantsdelise.com\/wp-content\/uploads\/2021\/08\/IMG_20210414_172043_1-1536x2048.jpg 1536w, https:\/\/lesbonsplantsdelise.com\/wp-content\/uploads\/2021\/08\/IMG_20210414_172043_1-scaled.jpg 1920w\" sizes=\"auto, (max-width: 768px) 100vw, 768px\" \/><\/figure><\/li><\/ul><\/figure>\n\n\n\n<h2 class=\"wp-block-heading\">Il s&rsquo;agit avant tout de faire sa part<\/h2>\n\n\n\n<p>Je suis engag\u00e9e dans la justice sociale depuis toujours et dans la justice climatique depuis une dizaine d\u2019ann\u00e9es maintenant. C\u2019est bien beau d\u2019\u00eatre engag\u00e9e, c\u2019est bien beau de s\u2019informer, de rejoindre des r\u00e9seaux, d\u2019en discuter autour de soi, mais qu\u2019est-ce que \u00e7a change&nbsp;? H\u00e9las peu de choses.&nbsp;<\/p>\n\n\n\n<p>Dans ma d\u00e9marche de changer les choses, j\u2019ai commenc\u00e9 petit. Recycler mieux mes d\u00e9chets, nourrir un compost, acheter bio et local, acheter des v\u00eatements de seconde main, ne plus manger de viande.&nbsp;<\/p>\n\n\n\n<p>Bon, c\u2019est bien. Cependant, on m\u2019enl\u00e8vera pas de l\u2019id\u00e9e que m\u00eame si tout le monde faisait pipi sous la douche pour \u00e9conomiser l\u2019eau, \u00e7a serait pas encore suffisant. Comment faire pour jouer dans la m\u00eame cour que ceux qui rejettent des substances toxiques dans les rivi\u00e8res, qui d\u00e9forestent, qui utilisent les derni\u00e8res ressources&nbsp;?&nbsp;<\/p>\n\n\n\n<p>J\u2019ai cherch\u00e9, cherch\u00e9, cherch\u00e9. J\u2019ai chang\u00e9 de travail pour des projets avec plus de sens. J\u2019ai eu des id\u00e9es autour du lien social, de l\u2019\u00e9cologie, mais \u00e7a n\u2019a pas pris.&nbsp;<\/p>\n\n\n\n<figure class=\"wp-block-gallery columns-2 is-cropped wp-block-gallery-2 is-layout-flex wp-block-gallery-is-layout-flex\"><ul class=\"blocks-gallery-grid\"><li class=\"blocks-gallery-item\"><figure><img loading=\"lazy\" decoding=\"async\" width=\"1024\" height=\"768\" src=\"http:\/\/lesbonsplantsdelise.com\/wp-content\/uploads\/2021\/08\/IMG_20210610_102851-1024x768.jpg\" alt=\"\" data-id=\"1325\" data-full-url=\"http:\/\/lesbonsplantsdelise.com\/wp-content\/uploads\/2021\/08\/IMG_20210610_102851-scaled.jpg\" data-link=\"http:\/\/lesbonsplantsdelise.com\/index.php\/le-projet\/img_20210610_102851\/\" class=\"wp-image-1325\" srcset=\"https:\/\/lesbonsplantsdelise.com\/wp-content\/uploads\/2021\/08\/IMG_20210610_102851-1024x768.jpg 1024w, https:\/\/lesbonsplantsdelise.com\/wp-content\/uploads\/2021\/08\/IMG_20210610_102851-scaled-504x378.jpg 504w, https:\/\/lesbonsplantsdelise.com\/wp-content\/uploads\/2021\/08\/IMG_20210610_102851-300x225.jpg 300w, https:\/\/lesbonsplantsdelise.com\/wp-content\/uploads\/2021\/08\/IMG_20210610_102851-768x576.jpg 768w, https:\/\/lesbonsplantsdelise.com\/wp-content\/uploads\/2021\/08\/IMG_20210610_102851-1536x1152.jpg 1536w, https:\/\/lesbonsplantsdelise.com\/wp-content\/uploads\/2021\/08\/IMG_20210610_102851-2048x1536.jpg 2048w\" sizes=\"auto, (max-width: 1024px) 100vw, 1024px\" \/><\/figure><\/li><li class=\"blocks-gallery-item\"><figure><img loading=\"lazy\" decoding=\"async\" width=\"1024\" height=\"762\" src=\"http:\/\/lesbonsplantsdelise.com\/wp-content\/uploads\/2021\/08\/191864392_937564493685665_208549249517441748_n-1-1-1024x762.jpg\" alt=\"\" data-id=\"1326\" data-full-url=\"http:\/\/lesbonsplantsdelise.com\/wp-content\/uploads\/2021\/08\/191864392_937564493685665_208549249517441748_n-1-1-rotated.jpg\" data-link=\"http:\/\/lesbonsplantsdelise.com\/index.php\/le-projet\/191864392_937564493685665_208549249517441748_n-1-1\/\" class=\"wp-image-1326\" srcset=\"https:\/\/lesbonsplantsdelise.com\/wp-content\/uploads\/2021\/08\/191864392_937564493685665_208549249517441748_n-1-1-1024x762.jpg 1024w, https:\/\/lesbonsplantsdelise.com\/wp-content\/uploads\/2021\/08\/191864392_937564493685665_208549249517441748_n-1-1-rotated-504x375.jpg 504w, https:\/\/lesbonsplantsdelise.com\/wp-content\/uploads\/2021\/08\/191864392_937564493685665_208549249517441748_n-1-1-300x223.jpg 300w, https:\/\/lesbonsplantsdelise.com\/wp-content\/uploads\/2021\/08\/191864392_937564493685665_208549249517441748_n-1-1-768x571.jpg 768w, https:\/\/lesbonsplantsdelise.com\/wp-content\/uploads\/2021\/08\/191864392_937564493685665_208549249517441748_n-1-1-1536x1143.jpg 1536w, https:\/\/lesbonsplantsdelise.com\/wp-content\/uploads\/2021\/08\/191864392_937564493685665_208549249517441748_n-1-1-rotated.jpg 2000w\" sizes=\"auto, (max-width: 1024px) 100vw, 1024px\" \/><\/figure><\/li><\/ul><\/figure>\n\n\n\n<p>Puis quand j\u2019ai commenc\u00e9 \u00e0 mettre le nez dans l\u2019agriculture, tout a pris sens. Voil\u00e0 un milieu dans lequel je pourrais promouvoir le local, gu\u00e9rir les sols, emp\u00eacher la b\u00e9tonisation, prot\u00e9ger la biodiversit\u00e9, mettre en place des circuits vertueux, remettre en cause l\u2019utilisation du plastique, cr\u00e9er des r\u00e9seaux autour de ces th\u00e9matiques, avoir un lieu d\u2019accueil, \u2026&nbsp;<\/p>\n\n\n\n<p>Mais il a fallu voir la r\u00e9alit\u00e9 en face&nbsp;: j\u2019ai eu peur des vers de terre jusqu\u2019\u00e0 l\u2019\u00e2ge de 22 ans. On partait de loin. Et pourtant, vid\u00e9os, livres, magazines, stage, formation en permaculture, rencontres, essais de terrain\u2026 J\u2019en suis arriv\u00e9e \u00e0 m\u2019inscrire \u00e0 ce Bac pro Production horticole et \u00e0 essayer de m\u2019int\u00e9grer dans le monde paysan en tentant souvent de combler mon manque de connaissance par ma bonne humeur et mon sourire.&nbsp;<\/p>\n\n\n\n<p>Aujourd\u2019hui, je me lance dans l\u2019entreprenariat, et c\u2019est enfin le moment pour moi de mettre en place toutes les id\u00e9es de ces derni\u00e8res ann\u00e9es pour changer les choses \u00e0 mon \u00e9chelle. Voici les objectifs&nbsp;:&nbsp;<\/p>\n\n\n\n<ul class=\"wp-block-list\"><li>Remettre en cause l\u2019utilisation du plastique, toujours, tout le temps. J\u2019ai conscience qu\u2019il va falloir faire des compromis, mais je ne ferai que les n\u00e9cessaires<\/li><li>Utiliser les ressources naturelles en conscience&nbsp;: je pense \u00e0 l\u2019eau, je pense \u00e0 la tourbe&nbsp;<\/li><li>Favoriser une agriculture durable, un monde o\u00f9 les agriculteurs sont reconnus pour leur travail nourricier et protecteur de la terre.&nbsp;<\/li><li>Cr\u00e9er un endroit beau et vecteur de biodiversit\u00e9<\/li><li>Proposer des plants de qualit\u00e9, en constante recherche d\u2019une richesse vari\u00e9tale adapt\u00e9e au terroir<\/li><\/ul>\n\n\n\n<p>&nbsp;Au plaisir de vous voir nombreux \u00e0 la p\u00e9pini\u00e8re pour discuter du projet, le nourrir, le voir grandir, \u00e9voluer,\u2026<\/p>\n","protected":false},"excerpt":{"rendered":"<p>Il s&rsquo;agit avant tout de faire sa part Je suis engag\u00e9e dans la justice sociale depuis toujours et dans la justice climatique depuis une dizaine d\u2019ann\u00e9es maintenant. C\u2019est bien beau d\u2019\u00eatre engag\u00e9e, c\u2019est bien beau de s\u2019informer, de rejoindre des r\u00e9seaux, d\u2019en discuter autour de soi, mais qu\u2019est-ce que \u00e7a change&nbsp;? H\u00e9las peu de choses.&nbsp; [&hellip;]<\/p>\n","protected":false},"author":1,"featured_media":0,"parent":0,"menu_order":0,"comment_status":"closed","ping_status":"closed","template":"","meta":{"ocean_post_layout":"","ocean_both_sidebars_style":"","ocean_both_sidebars_content_width":0,"ocean_both_sidebars_sidebars_width":0,"ocean_sidebar":"0","ocean_second_sidebar":"0","ocean_disable_margins":"enable","ocean_add_body_class":"","ocean_shortcode_before_top_bar":"","ocean_shortcode_after_top_bar":"","ocean_shortcode_before_header":"","ocean_shortcode_after_header":"","ocean_has_shortcode":"","ocean_shortcode_after_title":"","ocean_shortcode_before_footer_widgets":"","ocean_shortcode_after_footer_widgets":"","ocean_shortcode_before_footer_bottom":"","ocean_shortcode_after_footer_bottom":"","ocean_display_top_bar":"default","ocean_display_header":"default","ocean_header_style":"","ocean_center_header_left_menu":"0","ocean_custom_header_template":"0","ocean_custom_logo":0,"ocean_custom_retina_logo":0,"ocean_custom_logo_max_width":0,"ocean_custom_logo_tablet_max_width":0,"ocean_custom_logo_mobile_max_width":0,"ocean_custom_logo_max_height":0,"ocean_custom_logo_tablet_max_height":0,"ocean_custom_logo_mobile_max_height":0,"ocean_header_custom_menu":"0","ocean_menu_typo_font_family":"0","ocean_menu_typo_font_subset":"","ocean_menu_typo_font_size":0,"ocean_menu_typo_font_size_tablet":0,"ocean_menu_typo_font_size_mobile":0,"ocean_menu_typo_font_size_unit":"px","ocean_menu_typo_font_weight":"","ocean_menu_typo_font_weight_tablet":"","ocean_menu_typo_font_weight_mobile":"","ocean_menu_typo_transform":"","ocean_menu_typo_transform_tablet":"","ocean_menu_typo_transform_mobile":"","ocean_menu_typo_line_height":0,"ocean_menu_typo_line_height_tablet":0,"ocean_menu_typo_line_height_mobile":0,"ocean_menu_typo_line_height_unit":"","ocean_menu_typo_spacing":0,"ocean_menu_typo_spacing_tablet":0,"ocean_menu_typo_spacing_mobile":0,"ocean_menu_typo_spacing_unit":"","ocean_menu_link_color":"","ocean_menu_link_color_hover":"","ocean_menu_link_color_active":"","ocean_menu_link_background":"","ocean_menu_link_hover_background":"","ocean_menu_link_active_background":"","ocean_menu_social_links_bg":"","ocean_menu_social_hover_links_bg":"","ocean_menu_social_links_color":"","ocean_menu_social_hover_links_color":"","ocean_disable_title":"default","ocean_disable_heading":"default","ocean_post_title":"","ocean_post_subheading":"","ocean_post_title_style":"","ocean_post_title_background_color":"","ocean_post_title_background":0,"ocean_post_title_bg_image_position":"","ocean_post_title_bg_image_attachment":"","ocean_post_title_bg_image_repeat":"","ocean_post_title_bg_image_size":"","ocean_post_title_height":0,"ocean_post_title_bg_overlay":0.5,"ocean_post_title_bg_overlay_color":"","ocean_disable_breadcrumbs":"default","ocean_breadcrumbs_color":"","ocean_breadcrumbs_separator_color":"","ocean_breadcrumbs_links_color":"","ocean_breadcrumbs_links_hover_color":"","ocean_display_footer_widgets":"default","ocean_display_footer_bottom":"default","ocean_custom_footer_template":"0","omw_enable_modal_window":"enable","footnotes":""},"class_list":["post-1277","page","type-page","status-publish","hentry","entry","owp-thumbs-layout-horizontal","owp-btn-normal","owp-tabs-layout-horizontal","has-no-thumbnails","has-product-nav"],"_links":{"self":[{"href":"https:\/\/lesbonsplantsdelise.com\/index.php\/wp-json\/wp\/v2\/pages\/1277","targetHints":{"allow":["GET"]}}],"collection":[{"href":"https:\/\/lesbonsplantsdelise.com\/index.php\/wp-json\/wp\/v2\/pages"}],"about":[{"href":"https:\/\/lesbonsplantsdelise.com\/index.php\/wp-json\/wp\/v2\/types\/page"}],"author":[{"embeddable":true,"href":"https:\/\/lesbonsplantsdelise.com\/index.php\/wp-json\/wp\/v2\/users\/1"}],"replies":[{"embeddable":true,"href":"https:\/\/lesbonsplantsdelise.com\/index.php\/wp-json\/wp\/v2\/comments?post=1277"}],"version-history":[{"count":2,"href":"https:\/\/lesbonsplantsdelise.com\/index.php\/wp-json\/wp\/v2\/pages\/1277\/revisions"}],"predecessor-version":[{"id":1327,"href":"https:\/\/lesbonsplantsdelise.com\/index.php\/wp-json\/wp\/v2\/pages\/1277\/revisions\/1327"}],"wp:attachment":[{"href":"https:\/\/lesbonsplantsdelise.com\/index.php\/wp-json\/wp\/v2\/media?parent=1277"}],"curies":[{"name":"wp","href":"https:\/\/api.w.org\/{rel}","templated":true}]}}